{"id":484,"date":"2025-01-24T13:24:10","date_gmt":"2025-01-24T12:24:10","guid":{"rendered":"https:\/\/leaders-copilot.com\/?page_id=484"},"modified":"2025-10-10T15:50:46","modified_gmt":"2025-10-10T13:50:46","slug":"votre-copilote","status":"publish","type":"page","link":"https:\/\/leaders-copilot.com\/index.php\/votre-copilote\/","title":{"rendered":"Votre Copilote"},"content":{"rendered":"\n<div style=\"height:100px\" aria-hidden=\"true\" class=\"wp-block-spacer\"><\/div>\n\n\n\n<div class=\"wp-block-cover alignfull has-custom-content-position is-position-center-left\" style=\"min-height:750px;aspect-ratio:unset;\"><img loading=\"lazy\" decoding=\"async\" width=\"2560\" height=\"1707\" class=\"wp-block-cover__image-background wp-image-578\" alt=\"\" src=\"http:\/\/leaders-copilot.com\/wp-content\/uploads\/2025\/01\/DSCF9038-scaled.jpg\" style=\"object-position:62% 44%\" data-object-fit=\"cover\" data-object-position=\"62% 44%\" srcset=\"https:\/\/leaders-copilot.com\/wp-content\/uploads\/2025\/01\/DSCF9038-scaled.jpg 2560w, https:\/\/leaders-copilot.com\/wp-content\/uploads\/2025\/01\/DSCF9038-300x200.jpg 300w, https:\/\/leaders-copilot.com\/wp-content\/uploads\/2025\/01\/DSCF9038-1024x683.jpg 1024w\" sizes=\"auto, (max-width: 2560px) 100vw, 2560px\" \/><span aria-hidden=\"true\" class=\"wp-block-cover__background has-primary-background-color has-background-dim\"><\/span><div class=\"wp-block-cover__inner-container has-global-padding is-layout-constrained wp-block-cover-is-layout-constrained\">\n<p class=\"has-text-align-left has-secondary-color has-text-color has-link-color has-large-font-size wp-elements-9ef0c69e79d4a643c806badeb18c5fc0\" style=\"font-style:normal;font-weight:1000\">Carlos Taledo<\/p>\n\n\n\n<p>A l&rsquo;origine du projet Leaders&rsquo; Copilot, Carlos accompagne des leaders depuis pr\u00e8s de 15 ans en Europe et en Am\u00e9rique du Nord.<\/p>\n\n\n\n<p>Couteau suisse assum\u00e9, dipl\u00f4m\u00e9 en sociologie, en sciences cognitives, et en administration des affaires, il aime traiter des enjeux organisationnels complexes, d\u00e9couvrir de nouveaux secteurs d&rsquo;activit\u00e9 et aider \u00e0 l&rsquo;\u00e9panouissement professionnel de tout un chacun. Afin d&rsquo;accompagner pleinement la r\u00e9silience de ses clients, il a \u00e9galement suivi un cursus en gestion du changement climatique \u00e0 la Harvard Business School.<\/p>\n\n\n\n<p>Cette curiosit\u00e9 a abouti \u00e0 un parcours insolite qui l&rsquo;a vu diagnostiquer des dizaines d&rsquo;organisations, de l&rsquo;industrie du jeu vid\u00e9o \u00e0 la sant\u00e9, en passant par le luxe ou les administrations, participer \u00e0 des projets architecturaux, accompagner des gestions de crises, am\u00e9liorer des processus marketing ou encore de d\u00e9veloppement software, \u00e9tudier les m\u00e9thodes de soins g\u00e9riatriques, impl\u00e9menter des cadres d&rsquo;am\u00e9lioration continue, ou encore, \u00e9trangement, aider \u00e0 designer l&rsquo;habitacle d&rsquo;un bateau&#8230;<\/p>\n<\/div><\/div>\n\n\n\n<p><\/p>\n","protected":false},"excerpt":{"rendered":"","protected":false},"author":1,"featured_media":0,"parent":0,"menu_order":0,"comment_status":"closed","ping_status":"closed","template":"page-templates\/full-width-no-title.php","meta":{"footnotes":""},"class_list":["post-484","page","type-page","status-publish","hentry"],"featured_media_urls":[],"_links":{"self":[{"href":"https:\/\/leaders-copilot.com\/index.php\/wp-json\/wp\/v2\/pages\/484","targetHints":{"allow":["GET"]}}],"collection":[{"href":"https:\/\/leaders-copilot.com\/index.php\/wp-json\/wp\/v2\/pages"}],"about":[{"href":"https:\/\/leaders-copilot.com\/index.php\/wp-json\/wp\/v2\/types\/page"}],"author":[{"embeddable":true,"href":"https:\/\/leaders-copilot.com\/index.php\/wp-json\/wp\/v2\/users\/1"}],"replies":[{"embeddable":true,"href":"https:\/\/leaders-copilot.com\/index.php\/wp-json\/wp\/v2\/comments?post=484"}],"version-history":[{"count":17,"href":"https:\/\/leaders-copilot.com\/index.php\/wp-json\/wp\/v2\/pages\/484\/revisions"}],"predecessor-version":[{"id":792,"href":"https:\/\/leaders-copilot.com\/index.php\/wp-json\/wp\/v2\/pages\/484\/revisions\/792"}],"wp:attachment":[{"href":"https:\/\/leaders-copilot.com\/index.php\/wp-json\/wp\/v2\/media?parent=484"}],"curies":[{"name":"wp","href":"https:\/\/api.w.org\/{rel}","templated":true}]}}