{"id":1199,"date":"2025-11-22T15:19:45","date_gmt":"2025-11-22T14:19:45","guid":{"rendered":"https:\/\/leaders-copilot.com\/?page_id=1199"},"modified":"2025-11-22T19:16:50","modified_gmt":"2025-11-22T18:16:50","slug":"gestao-de-pessoas","status":"publish","type":"page","link":"https:\/\/leaders-copilot.com\/index.php\/pt\/gestao-de-pessoas\/","title":{"rendered":"Gest\u00e3o de pessoas"},"content":{"rendered":"\n<div class=\"wp-block-cover\" style=\"min-height:700px;aspect-ratio:unset;\"><img loading=\"lazy\" decoding=\"async\" width=\"768\" height=\"1024\" class=\"wp-block-cover__image-background wp-image-863 size-large\" alt=\"Conseiller\" src=\"http:\/\/leaders-copilot.com\/wp-content\/uploads\/2025\/10\/DSCF9483-edited-768x1024.jpg\" style=\"object-position:48% 37%\" data-object-fit=\"cover\" data-object-position=\"48% 37%\" srcset=\"https:\/\/leaders-copilot.com\/wp-content\/uploads\/2025\/10\/DSCF9483-edited-768x1024.jpg 768w, https:\/\/leaders-copilot.com\/wp-content\/uploads\/2025\/10\/DSCF9483-edited-225x300.jpg 225w, https:\/\/leaders-copilot.com\/wp-content\/uploads\/2025\/10\/DSCF9483-edited-2000x2665.jpg 2000w, https:\/\/leaders-copilot.com\/wp-content\/uploads\/2025\/10\/DSCF9483-edited-scaled.jpg 1921w\" sizes=\"auto, (max-width: 768px) 100vw, 768px\" \/><span aria-hidden=\"true\" class=\"wp-block-cover__background has-primary-background-color has-background-dim\"><\/span><div class=\"wp-block-cover__inner-container has-global-padding is-layout-constrained wp-block-cover-is-layout-constrained\">\n<div style=\"height:250px\" aria-hidden=\"true\" class=\"wp-block-spacer\"><\/div>\n\n\n\n<p class=\"has-text-align-center has-large-font-size\" style=\"font-style:normal;font-weight:100\">Gest\u00e3o de pessoas<\/p>\n\n\n\n<div style=\"height:280px\" aria-hidden=\"true\" class=\"wp-block-spacer\"><\/div>\n<\/div><\/div>\n\n\n\n<div class=\"wp-block-columns is-layout-flex wp-container-core-columns-is-layout-28f84493 wp-block-columns-is-layout-flex\">\n<div class=\"wp-block-column is-layout-flow wp-block-column-is-layout-flow\" style=\"flex-basis:33.33%\">\n<div class=\"wp-block-cover has-custom-content-position is-position-top-left\" style=\"padding-top:var(--wp--preset--spacing--small);padding-right:var(--wp--preset--spacing--x-small);padding-bottom:var(--wp--preset--spacing--small);padding-left:var(--wp--preset--spacing--x-small);min-height:517px;aspect-ratio:unset;\"><span aria-hidden=\"true\" class=\"wp-block-cover__background has-primary-background-color has-background-dim-70 has-background-dim\"><\/span><div class=\"wp-block-cover__inner-container is-layout-flow wp-block-cover-is-layout-flow\">\n<h3 class=\"wp-block-heading has-secondary-color has-text-color has-medium-font-size\" style=\"margin-top:0;margin-right:0;margin-bottom:0;margin-left:0\">Assunto<\/h3>\n\n\n\n<div style=\"height:16px\" aria-hidden=\"true\" class=\"wp-block-spacer\"><\/div>\n\n\n\n<p>Pr\u00e1ticas improdutivas, trabalho in\u00fatil, indiferen\u00e7a e, no pior dos casos, atitude inconveniente, todos j\u00e1 vimos estes comportamentos problem\u00e1ticos no trabalho.<\/p>\n\n\n\n<p>Longe de serem secund\u00e1rios, t\u00eam consequ\u00eancias concretas em termos de produtividade, de transfer\u00eancia de carga de trabalho ou de condi\u00e7\u00f5es de trabalho.<\/p>\n\n\n\n<p>No entanto, n\u00e3o s\u00e3o inevit\u00e1veis. Apoiamos os gestores na supervis\u00e3o eficaz das suas equipas.<\/p>\n<\/div><\/div>\n<\/div>\n\n\n\n<div class=\"wp-block-column is-layout-flow wp-block-column-is-layout-flow\" style=\"flex-basis:66.66%\">\n<div class=\"wp-block-cover is-light has-custom-content-position is-position-top-left\" style=\"padding-top:var(--wp--preset--spacing--small);padding-right:var(--wp--preset--spacing--x-small);padding-bottom:var(--wp--preset--spacing--small);padding-left:var(--wp--preset--spacing--x-small)\"><span aria-hidden=\"true\" class=\"wp-block-cover__background has-background-dim-0 has-background-dim\"><\/span><div class=\"wp-block-cover__inner-container is-layout-flow wp-block-cover-is-layout-flow\">\n<h3 class=\"wp-block-heading has-secondary-color has-text-color has-medium-font-size\" style=\"margin-top:0;margin-right:0;margin-bottom:0;margin-left:0\">Os nossos servi\u00e7os<\/h3>\n\n\n\n<div class=\"wp-block-cover\" style=\"min-height:100px;aspect-ratio:unset;\"><img loading=\"lazy\" decoding=\"async\" width=\"2082\" height=\"253\" class=\"wp-block-cover__image-background wp-image-1252 size-full\" alt=\"\" src=\"https:\/\/leaders-copilot.com\/wp-content\/uploads\/2025\/11\/People-process-pt.png\" data-object-fit=\"cover\" srcset=\"https:\/\/leaders-copilot.com\/wp-content\/uploads\/2025\/11\/People-process-pt.png 2082w, https:\/\/leaders-copilot.com\/wp-content\/uploads\/2025\/11\/People-process-pt-300x36.png 300w, https:\/\/leaders-copilot.com\/wp-content\/uploads\/2025\/11\/People-process-pt-1024x124.png 1024w, https:\/\/leaders-copilot.com\/wp-content\/uploads\/2025\/11\/People-process-pt-2000x243.png 2000w\" sizes=\"auto, (max-width: 2082px) 100vw, 2082px\" \/><span aria-hidden=\"true\" class=\"wp-block-cover__background has-background-dim-10 has-background-dim\"><\/span><div class=\"wp-block-cover__inner-container has-global-padding is-layout-constrained wp-block-cover-is-layout-constrained\">\n<p class=\"has-text-align-center has-large-font-size\"><\/p>\n<\/div><\/div>\n\n\n\n<div class=\"wp-block-columns is-layout-flex wp-container-core-columns-is-layout-28f84493 wp-block-columns-is-layout-flex\">\n<div class=\"wp-block-column is-layout-flow wp-block-column-is-layout-flow\">\n<div class=\"wp-block-cover has-custom-content-position is-position-top-center has-border-color\" style=\"border-color:#D9D9D9;border-style:solid;border-width:1px;border-radius:0px;min-height:310px;aspect-ratio:unset;\"><img loading=\"lazy\" decoding=\"async\" width=\"719\" height=\"1024\" class=\"wp-block-cover__image-background wp-image-812 size-large\" alt=\"\" src=\"http:\/\/leaders-copilot.com\/wp-content\/uploads\/2025\/10\/IMG_5770-719x1024.jpg\" style=\"object-position:58% 49%\" data-object-fit=\"cover\" data-object-position=\"58% 49%\" srcset=\"https:\/\/leaders-copilot.com\/wp-content\/uploads\/2025\/10\/IMG_5770-719x1024.jpg 719w, https:\/\/leaders-copilot.com\/wp-content\/uploads\/2025\/10\/IMG_5770-211x300.jpg 211w, https:\/\/leaders-copilot.com\/wp-content\/uploads\/2025\/10\/IMG_5770-2000x2848.jpg 2000w, https:\/\/leaders-copilot.com\/wp-content\/uploads\/2025\/10\/IMG_5770-scaled.jpg 1798w\" sizes=\"auto, (max-width: 719px) 100vw, 719px\" \/><span aria-hidden=\"true\" class=\"wp-block-cover__background has-primary-background-color has-background-dim-80 has-background-dim\"><\/span><div class=\"wp-block-cover__inner-container has-global-padding is-layout-constrained wp-block-cover-is-layout-constrained\">\n<p class=\"has-text-align-center has-lightgrey-color has-text-color has-link-color has-medium-font-size wp-elements-02770afab0df5b8cd5103913546dfa82\" style=\"font-style:normal;font-weight:300\">Processo de recrutamento<\/p>\n\n\n\n<p class=\"has-lightgrey-color has-text-color has-link-color wp-elements-fa4ad58b8142399d75368dcc73a8c48c\" style=\"font-style:normal;font-weight:100\">Partilhamos as melhores pr\u00e1ticas de perfilamento, aquisi\u00e7\u00e3o de pessoal e integra\u00e7\u00e3o para construir colabora\u00e7\u00f5es a longo prazo.<\/p>\n<\/div><\/div>\n<\/div>\n\n\n\n<div class=\"wp-block-column is-layout-flow wp-block-column-is-layout-flow\">\n<div class=\"wp-block-cover has-custom-content-position is-position-top-center has-border-color\" style=\"border-color:#D9D9D9;border-width:1px;border-radius:0px;min-height:310px;aspect-ratio:unset;\"><img loading=\"lazy\" decoding=\"async\" width=\"1024\" height=\"683\" class=\"wp-block-cover__image-background wp-image-576 size-large\" alt=\"Analyser les organisations\" src=\"http:\/\/leaders-copilot.com\/wp-content\/uploads\/2025\/01\/DSCF0810-1024x683.jpg\" style=\"object-position:79% 72%\" data-object-fit=\"cover\" data-object-position=\"79% 72%\" srcset=\"https:\/\/leaders-copilot.com\/wp-content\/uploads\/2025\/01\/DSCF0810-1024x683.jpg 1024w, https:\/\/leaders-copilot.com\/wp-content\/uploads\/2025\/01\/DSCF0810-300x200.jpg 300w, https:\/\/leaders-copilot.com\/wp-content\/uploads\/2025\/01\/DSCF0810-2000x1333.jpg 2000w, https:\/\/leaders-copilot.com\/wp-content\/uploads\/2025\/01\/DSCF0810-600x400.jpg 600w, https:\/\/leaders-copilot.com\/wp-content\/uploads\/2025\/01\/DSCF0810-1200x800.jpg 1200w\" sizes=\"auto, (max-width: 1024px) 100vw, 1024px\" \/><span aria-hidden=\"true\" class=\"wp-block-cover__background has-primary-background-color has-background-dim-80 has-background-dim\"><\/span><div class=\"wp-block-cover__inner-container has-global-padding is-layout-constrained wp-block-cover-is-layout-constrained\">\n<p class=\"has-text-align-center has-lightgrey-color has-text-color has-link-color has-medium-font-size wp-elements-7e0fe8002986eda4b027fe630e5f3c6c\" style=\"font-style:normal;font-weight:300\">Avalia\u00e7\u00e3o de desempenho<\/p>\n\n\n\n<p class=\"has-lightgrey-color has-text-color has-link-color wp-elements-3c59f8d6f508a3ff519454172d9ef489\" style=\"font-style:normal;font-weight:100\">Ajudamo-lo a criar uma estrutura clara, saud\u00e1vel, previs\u00edvel e tranquilizadora, tanto para as equipas como para os gestores.<\/p>\n<\/div><\/div>\n<\/div>\n\n\n\n<div class=\"wp-block-column is-layout-flow wp-block-column-is-layout-flow\">\n<div class=\"wp-block-cover has-custom-content-position is-position-top-center has-border-color wp-duotone-unset-1\" style=\"border-color:#D9D9D9;border-width:1px;border-radius:0px;min-height:310px;aspect-ratio:unset;\"><img loading=\"lazy\" decoding=\"async\" width=\"1024\" height=\"683\" class=\"wp-block-cover__image-background wp-image-508 size-large\" alt=\"Partenaire de confiance\" src=\"http:\/\/leaders-copilot.com\/wp-content\/uploads\/2025\/01\/DSCF8170-1024x683.jpg\" style=\"object-position:58% 55%\" data-object-fit=\"cover\" data-object-position=\"58% 55%\" srcset=\"https:\/\/leaders-copilot.com\/wp-content\/uploads\/2025\/01\/DSCF8170-1024x683.jpg 1024w, https:\/\/leaders-copilot.com\/wp-content\/uploads\/2025\/01\/DSCF8170-300x200.jpg 300w\" sizes=\"auto, (max-width: 1024px) 100vw, 1024px\" \/><span aria-hidden=\"true\" class=\"wp-block-cover__background has-primary-background-color has-background-dim-80 has-background-dim\"><\/span><div class=\"wp-block-cover__inner-container has-global-padding is-layout-constrained wp-block-cover-is-layout-constrained\">\n<p class=\"has-text-align-center has-lightgrey-color has-text-color has-link-color has-medium-font-size wp-elements-3ed446bdd2a9520a294271f12970b342\" style=\"font-style:normal;font-weight:300\">Rotinas de gest\u00e3o<\/p>\n\n\n\n<p class=\"has-lightgrey-color has-text-color has-link-color wp-elements-bc5d5274f0522fdbba5c9c8b9facf07f\" style=\"font-style:normal;font-weight:100\">Apoiamo-lo na implementa\u00e7\u00e3o de rotinas e m\u00e9todos de gest\u00e3o que facilitam o desenvolvimento das pessoas, as atividades e garantem um ambiente de trabalho saud\u00e1vel.<\/p>\n<\/div><\/div>\n<\/div>\n<\/div>\n<\/div><\/div>\n<\/div>\n<\/div>\n\n\n\n<div class=\"wp-block-columns is-layout-flex wp-container-core-columns-is-layout-28f84493 wp-block-columns-is-layout-flex\">\n<div class=\"wp-block-column is-layout-flow wp-block-column-is-layout-flow\" style=\"flex-basis:33.33%\">\n<div class=\"wp-block-cover has-custom-content-position is-position-top-left\" style=\"padding-top:var(--wp--preset--spacing--small);padding-right:var(--wp--preset--spacing--x-small);padding-bottom:var(--wp--preset--spacing--small);padding-left:var(--wp--preset--spacing--x-small);min-height:540px;aspect-ratio:unset;\"><img loading=\"lazy\" decoding=\"async\" width=\"604\" height=\"340\" class=\"wp-block-cover__image-background wp-image-1099 size-full\" alt=\"\" src=\"https:\/\/leaders-copilot.com\/wp-content\/uploads\/2025\/11\/stage_performance_orchestra_black_and_white_concert-1393181-2508981093.jpg\" data-object-fit=\"cover\" srcset=\"https:\/\/leaders-copilot.com\/wp-content\/uploads\/2025\/11\/stage_performance_orchestra_black_and_white_concert-1393181-2508981093.jpg 604w, https:\/\/leaders-copilot.com\/wp-content\/uploads\/2025\/11\/stage_performance_orchestra_black_and_white_concert-1393181-2508981093-300x169.jpg 300w\" sizes=\"auto, (max-width: 604px) 100vw, 604px\" \/><span aria-hidden=\"true\" class=\"wp-block-cover__background has-primary-background-color has-background-dim-70 has-background-dim\"><\/span><div class=\"wp-block-cover__inner-container is-layout-flow wp-block-cover-is-layout-flow\">\n<h3 class=\"wp-block-heading has-secondary-color has-text-color has-medium-font-size\" style=\"margin-top:0;margin-right:0;margin-bottom:0;margin-left:0\">Hist\u00f3rias de trabalho<\/h3>\n\n\n\n<p><\/p>\n<\/div><\/div>\n<\/div>\n\n\n\n<div class=\"wp-block-column is-layout-flow wp-block-column-is-layout-flow\" style=\"flex-basis:66.66%\">\n<div class=\"wp-block-cover is-light has-custom-content-position is-position-top-left wp-duotone-unset-2\" style=\"padding-top:var(--wp--preset--spacing--small);padding-right:var(--wp--preset--spacing--x-small);padding-bottom:var(--wp--preset--spacing--small);padding-left:var(--wp--preset--spacing--x-small)\"><span aria-hidden=\"true\" class=\"wp-block-cover__background has-background-dim-0 has-background-dim\"><\/span><div class=\"wp-block-cover__inner-container is-layout-flow wp-block-cover-is-layout-flow\">\n<p class=\"has-background-color has-text-color has-link-color wp-elements-4710614e3eb340d77c44e22a6ea72890\">Uma multinacional para a qual trabalhei sofreu, ap\u00f3s um per\u00edodo de r\u00e1pido crescimento, uma regress\u00e3o de desempenho que os l\u00edderes tiveram dificuldade em atribuir. Um estudo aprofundado da nossa parte revelou uma tripla vulnerabilidade relacionada com as pr\u00e1ticas de gest\u00e3o de pessoas: recrutamento apressado, problemas de contrata\u00e7\u00e3o e falta de rastreabilidade.<\/p>\n\n\n\n<p class=\"has-background-color has-text-color has-link-color wp-elements-3df80ba0167048f34f77782fc7467567\">O recrutamento \u00e9 um processo cr\u00edtico relativo n\u00e3o s\u00f3 aos recursos humanos, mas tamb\u00e9m aos gestores, equipas e \u00e0s capacidades de absor\u00e7\u00e3o da organiza\u00e7\u00e3o. Um ritmo de aquisi\u00e7\u00e3o e integra\u00e7\u00e3o mal pensado leva necessariamente \u00e0 satura\u00e7\u00e3o: as equipas passam mais tempo a melhorar as compet\u00eancias dos rec\u00e9m-chegados e a compensar o seu desempenho inferior, o que reduz a produtividade global.<\/p>\n\n\n\n<p class=\"has-background-color has-text-color has-link-color wp-elements-e8ae6766577d386628572b42825b84a3\">A contrata\u00e7\u00e3o empregador\/trabalhador n\u00e3o se limita ao contrato de trabalho, significa tamb\u00e9m que todos est\u00e3o plenamente informados sobre o que se espera ou tolera deles (\u00e1rea de responsabilidades, objetivos de trabalho, regras, etc.), quando a rastreabilidade implica que os factos do trabalho est\u00e3o documentados (relat\u00f3rio\/informa\u00e7\u00e3o, avalia\u00e7\u00f5es, reformula\u00e7\u00e3o, etc.). Objetivos mal definidos e n\u00e3o seguidos dificultam a identifica\u00e7\u00e3o clara dos problemas de desempenho.<\/p>\n\n\n\n<p class=\"has-background-color has-text-color has-link-color wp-elements-e756ea3aecf27244a3c3e4c6f73df3bd\">Estes problemas pr\u00e9-existentes foram agravados pelo r\u00e1pido crescimento da empresa, ao ponto de se tornarem vulner\u00e1veis. Foi necess\u00e1rio reformular todos estes processos e harmonizar as pr\u00e1ticas de gest\u00e3o. O meu trabalho \u00e9 garantir que a gest\u00e3o est\u00e1 devidamente equipada para apoiar e supervisionar o trabalho das suas equipas.<\/p>\n<\/div><\/div>\n<\/div>\n<\/div>\n\n\n\n<div class=\"wp-block-columns is-layout-flex wp-container-core-columns-is-layout-28f84493 wp-block-columns-is-layout-flex\">\n<div class=\"wp-block-column is-layout-flow wp-block-column-is-layout-flow\" style=\"padding-top:0;padding-right:0;padding-bottom:0;padding-left:0\">\n<div class=\"wp-block-cover has-custom-content-position is-position-bottom-left\" style=\"padding-top:var(--wp--preset--spacing--small);padding-right:var(--wp--preset--spacing--x-small);padding-bottom:var(--wp--preset--spacing--small);padding-left:var(--wp--preset--spacing--x-small)\"><img loading=\"lazy\" decoding=\"async\" width=\"640\" height=\"480\" class=\"wp-block-cover__image-background wp-image-322\" alt=\"\" src=\"https:\/\/leaders-copilot.com\/wp-content\/uploads\/2025\/01\/Hang_up_the_phone._Unsplash.jpg\" data-object-fit=\"cover\" srcset=\"https:\/\/leaders-copilot.com\/wp-content\/uploads\/2025\/01\/Hang_up_the_phone._Unsplash.jpg 640w, https:\/\/leaders-copilot.com\/wp-content\/uploads\/2025\/01\/Hang_up_the_phone._Unsplash-300x225.jpg 300w\" sizes=\"auto, (max-width: 640px) 100vw, 640px\" \/><span aria-hidden=\"true\" class=\"wp-block-cover__background has-primary-background-color has-background-dim-70 has-background-dim\"><\/span><div class=\"wp-block-cover__inner-container is-layout-flow wp-block-cover-is-layout-flow\">\n<p class=\"has-text-align-left has-large-font-size\">Contactos<\/p>\n\n\n\n<div class=\"wp-block-group is-nowrap is-layout-flex wp-container-core-group-is-layout-6c531013 wp-block-group-is-layout-flex\">\n<figure class=\"wp-block-image size-full is-resized\" style=\"margin-top:0;margin-bottom:0\"><img loading=\"lazy\" decoding=\"async\" width=\"512\" height=\"512\" src=\"http:\/\/leaders-copilot.com\/wp-content\/uploads\/2025\/01\/phone-call-white-icon.png\" alt=\"\" class=\"wp-image-329\" style=\"width:34px\" srcset=\"https:\/\/leaders-copilot.com\/wp-content\/uploads\/2025\/01\/phone-call-white-icon.png 512w, https:\/\/leaders-copilot.com\/wp-content\/uploads\/2025\/01\/phone-call-white-icon-300x300.png 300w, https:\/\/leaders-copilot.com\/wp-content\/uploads\/2025\/01\/phone-call-white-icon-150x150.png 150w\" sizes=\"auto, (max-width: 512px) 100vw, 512px\" \/><\/figure>\n\n\n\n<p>+351 937 435 225<\/p>\n<\/div>\n\n\n\n<div class=\"wp-block-group is-nowrap is-layout-flex wp-container-core-group-is-layout-6c531013 wp-block-group-is-layout-flex\">\n<figure class=\"wp-block-image size-full is-resized is-style-default\" style=\"margin-top:0;margin-bottom:0\"><img loading=\"lazy\" decoding=\"async\" width=\"512\" height=\"512\" src=\"http:\/\/leaders-copilot.com\/wp-content\/uploads\/2025\/01\/email-envelope-line-white-icon.webp\" alt=\"\" class=\"wp-image-330\" style=\"width:34px\" srcset=\"https:\/\/leaders-copilot.com\/wp-content\/uploads\/2025\/01\/email-envelope-line-white-icon.webp 512w, https:\/\/leaders-copilot.com\/wp-content\/uploads\/2025\/01\/email-envelope-line-white-icon-300x300.webp 300w, https:\/\/leaders-copilot.com\/wp-content\/uploads\/2025\/01\/email-envelope-line-white-icon-150x150.webp 150w\" sizes=\"auto, (max-width: 512px) 100vw, 512px\" \/><\/figure>\n\n\n\n<p><a href=\"mailto:c.taledo@leaders-copilot.com\">c.taledo@leaders-copilot.com<\/a><\/p>\n<\/div>\n<\/div><\/div>\n<\/div>\n\n\n\n<div class=\"wp-block-column is-layout-flow wp-block-column-is-layout-flow\" style=\"flex-basis:33.33%\"><\/div>\n<\/div>\n\n\n\n<p><\/p>\n","protected":false},"excerpt":{"rendered":"","protected":false},"author":1,"featured_media":0,"parent":0,"menu_order":0,"comment_status":"closed","ping_status":"closed","template":"page-templates\/full-width-no-title.php","meta":{"footnotes":""},"class_list":["post-1199","page","type-page","status-publish","hentry"],"featured_media_urls":[],"_links":{"self":[{"href":"https:\/\/leaders-copilot.com\/index.php\/wp-json\/wp\/v2\/pages\/1199","targetHints":{"allow":["GET"]}}],"collection":[{"href":"https:\/\/leaders-copilot.com\/index.php\/wp-json\/wp\/v2\/pages"}],"about":[{"href":"https:\/\/leaders-copilot.com\/index.php\/wp-json\/wp\/v2\/types\/page"}],"author":[{"embeddable":true,"href":"https:\/\/leaders-copilot.com\/index.php\/wp-json\/wp\/v2\/users\/1"}],"replies":[{"embeddable":true,"href":"https:\/\/leaders-copilot.com\/index.php\/wp-json\/wp\/v2\/comments?post=1199"}],"version-history":[{"count":9,"href":"https:\/\/leaders-copilot.com\/index.php\/wp-json\/wp\/v2\/pages\/1199\/revisions"}],"predecessor-version":[{"id":1257,"href":"https:\/\/leaders-copilot.com\/index.php\/wp-json\/wp\/v2\/pages\/1199\/revisions\/1257"}],"wp:attachment":[{"href":"https:\/\/leaders-copilot.com\/index.php\/wp-json\/wp\/v2\/media?parent=1199"}],"curies":[{"name":"wp","href":"https:\/\/api.w.org\/{rel}","templated":true}]}}