{"id":1191,"date":"2025-11-22T14:58:24","date_gmt":"2025-11-22T13:58:24","guid":{"rendered":"https:\/\/leaders-copilot.com\/?page_id=1191"},"modified":"2025-11-22T19:04:31","modified_gmt":"2025-11-22T18:04:31","slug":"gestao-de-operacoes","status":"publish","type":"page","link":"https:\/\/leaders-copilot.com\/index.php\/pt\/gestao-de-operacoes\/","title":{"rendered":"Gest\u00e3o de opera\u00e7\u00f5es"},"content":{"rendered":"\n<div class=\"wp-block-cover\" style=\"min-height:700px;aspect-ratio:unset;\"><img loading=\"lazy\" decoding=\"async\" width=\"1024\" height=\"683\" class=\"wp-block-cover__image-background wp-image-571 size-large\" alt=\"\u00c9valuer Auditer les entreprises\" src=\"http:\/\/leaders-copilot.com\/wp-content\/uploads\/2025\/01\/DSCF3946-1024x683.jpg\" data-object-fit=\"cover\" srcset=\"https:\/\/leaders-copilot.com\/wp-content\/uploads\/2025\/01\/DSCF3946-1024x683.jpg 1024w, https:\/\/leaders-copilot.com\/wp-content\/uploads\/2025\/01\/DSCF3946-300x200.jpg 300w, https:\/\/leaders-copilot.com\/wp-content\/uploads\/2025\/01\/DSCF3946-2000x1333.jpg 2000w, https:\/\/leaders-copilot.com\/wp-content\/uploads\/2025\/01\/DSCF3946-600x400.jpg 600w, https:\/\/leaders-copilot.com\/wp-content\/uploads\/2025\/01\/DSCF3946-1200x800.jpg 1200w\" sizes=\"auto, (max-width: 1024px) 100vw, 1024px\" \/><span aria-hidden=\"true\" class=\"wp-block-cover__background has-primary-background-color has-background-dim\"><\/span><div class=\"wp-block-cover__inner-container has-global-padding is-layout-constrained wp-block-cover-is-layout-constrained\">\n<div style=\"height:250px\" aria-hidden=\"true\" class=\"wp-block-spacer\"><\/div>\n\n\n\n<p class=\"has-text-align-center has-large-font-size\" style=\"font-style:normal;font-weight:100\">Gest\u00e3o de opera\u00e7\u00f5es<\/p>\n\n\n\n<div style=\"height:280px\" aria-hidden=\"true\" class=\"wp-block-spacer\"><\/div>\n<\/div><\/div>\n\n\n\n<div class=\"wp-block-columns is-layout-flex wp-container-core-columns-is-layout-28f84493 wp-block-columns-is-layout-flex\">\n<div class=\"wp-block-column is-layout-flow wp-block-column-is-layout-flow\" style=\"flex-basis:33.33%\">\n<div class=\"wp-block-cover has-custom-content-position is-position-top-left\" style=\"padding-top:var(--wp--preset--spacing--small);padding-right:var(--wp--preset--spacing--x-small);padding-bottom:var(--wp--preset--spacing--small);padding-left:var(--wp--preset--spacing--x-small);min-height:517px;aspect-ratio:unset;\"><span aria-hidden=\"true\" class=\"wp-block-cover__background has-primary-background-color has-background-dim-60 has-background-dim\"><\/span><div class=\"wp-block-cover__inner-container is-layout-flow wp-block-cover-is-layout-flow\">\n<h3 class=\"wp-block-heading has-secondary-color has-text-color has-medium-font-size\" style=\"margin-top:0;margin-right:0;margin-bottom:0;margin-left:0\">Assunto<\/h3>\n\n\n\n<div style=\"height:16px\" aria-hidden=\"true\" class=\"wp-block-spacer\"><\/div>\n\n\n\n<p>As opera\u00e7\u00f5es s\u00e3o o cora\u00e7\u00e3o de todas as organiza\u00e7\u00f5es, seja que prestam servi\u00e7os ou que produzem bens.<\/p>\n\n\n\n<p>Garantir que as atividades s\u00e3o geridas de forma eficiente significa garantir a rentabilidade de uma empresa, a efic\u00e1cia de uma administra\u00e7\u00e3o ou o impacto de uma associa\u00e7\u00e3o.<\/p>\n\n\n\n<p>Para garantir a sustentabilidade da sua organiza\u00e7\u00e3o, fornecemos compet\u00eancias s\u00e9niores na avalia\u00e7\u00e3o e melhoria das suas opera\u00e7\u00f5es.<\/p>\n<\/div><\/div>\n<\/div>\n\n\n\n<div class=\"wp-block-column is-layout-flow wp-block-column-is-layout-flow\" style=\"flex-basis:66.66%\">\n<div class=\"wp-block-cover is-light has-custom-content-position is-position-top-left\" style=\"padding-top:var(--wp--preset--spacing--small);padding-right:var(--wp--preset--spacing--x-small);padding-bottom:var(--wp--preset--spacing--small);padding-left:var(--wp--preset--spacing--x-small)\"><span aria-hidden=\"true\" class=\"wp-block-cover__background has-background-dim-0 has-background-dim\"><\/span><div class=\"wp-block-cover__inner-container is-layout-flow wp-block-cover-is-layout-flow\">\n<h3 class=\"wp-block-heading has-secondary-color has-text-color has-medium-font-size\" style=\"margin-top:0;margin-right:0;margin-bottom:0;margin-left:0\">Os nossos servi\u00e7os<\/h3>\n\n\n\n<div class=\"wp-block-cover\" style=\"min-height:100px;aspect-ratio:unset;\"><img loading=\"lazy\" decoding=\"async\" width=\"2080\" height=\"262\" class=\"wp-block-cover__image-background wp-image-1237 size-full\" alt=\"\" src=\"https:\/\/leaders-copilot.com\/wp-content\/uploads\/2025\/11\/Operations-process-pt.png\" data-object-fit=\"cover\" srcset=\"https:\/\/leaders-copilot.com\/wp-content\/uploads\/2025\/11\/Operations-process-pt.png 2080w, https:\/\/leaders-copilot.com\/wp-content\/uploads\/2025\/11\/Operations-process-pt-300x38.png 300w, https:\/\/leaders-copilot.com\/wp-content\/uploads\/2025\/11\/Operations-process-pt-1024x129.png 1024w, https:\/\/leaders-copilot.com\/wp-content\/uploads\/2025\/11\/Operations-process-pt-2000x252.png 2000w\" sizes=\"auto, (max-width: 2080px) 100vw, 2080px\" \/><span aria-hidden=\"true\" class=\"wp-block-cover__background has-background-dim-10 has-background-dim\"><\/span><div class=\"wp-block-cover__inner-container has-global-padding is-layout-constrained wp-block-cover-is-layout-constrained\">\n<p class=\"has-text-align-center has-large-font-size\"><\/p>\n<\/div><\/div>\n\n\n\n<div class=\"wp-block-columns is-layout-flex wp-container-core-columns-is-layout-28f84493 wp-block-columns-is-layout-flex\">\n<div class=\"wp-block-column is-layout-flow wp-block-column-is-layout-flow\">\n<div class=\"wp-block-cover has-custom-content-position is-position-top-center has-border-color\" style=\"border-color:#D9D9D9;border-style:solid;border-width:1px;border-radius:0px;min-height:310px;aspect-ratio:unset;\"><img loading=\"lazy\" decoding=\"async\" width=\"500\" height=\"749\" class=\"wp-block-cover__image-background wp-image-1060 size-full\" alt=\"\" src=\"https:\/\/leaders-copilot.com\/wp-content\/uploads\/2025\/11\/pexels-photo-5752271-3620111386.jpeg\" data-object-fit=\"cover\" srcset=\"https:\/\/leaders-copilot.com\/wp-content\/uploads\/2025\/11\/pexels-photo-5752271-3620111386.jpeg 500w, https:\/\/leaders-copilot.com\/wp-content\/uploads\/2025\/11\/pexels-photo-5752271-3620111386-200x300.jpeg 200w\" sizes=\"auto, (max-width: 500px) 100vw, 500px\" \/><span aria-hidden=\"true\" class=\"wp-block-cover__background has-primary-background-color has-background-dim-80 has-background-dim\"><\/span><div class=\"wp-block-cover__inner-container has-global-padding is-layout-constrained wp-block-cover-is-layout-constrained\">\n<p class=\"has-text-align-center has-lightgrey-color has-text-color has-link-color has-medium-font-size wp-elements-24c4fee218345b1ccc5b4b959afe9b8c\" style=\"font-style:normal;font-weight:300\">Diagn\u00f3stico<\/p>\n\n\n\n<p class=\"has-lightgrey-color has-text-color has-link-color wp-elements-b755a9c85ab4e67bb613612b5f0fc9e9\" style=\"font-style:normal;font-weight:100\">Compreender um problema \u00e9 necess\u00e1rio para o resolver, diagnosticamos as suas atividades para identificar as suas perdas de produtividade, falhas de qualidade e vulnerabilidades.<\/p>\n<\/div><\/div>\n<\/div>\n\n\n\n<div class=\"wp-block-column is-layout-flow wp-block-column-is-layout-flow\">\n<div class=\"wp-block-cover has-custom-content-position is-position-top-center has-border-color\" style=\"border-color:#D9D9D9;border-width:1px;border-radius:0px;min-height:310px;aspect-ratio:unset;\"><img loading=\"lazy\" decoding=\"async\" width=\"338\" height=\"177\" class=\"wp-block-cover__image-background wp-image-1063 size-full\" alt=\"\" src=\"https:\/\/leaders-copilot.com\/wp-content\/uploads\/2025\/11\/organization-chart-production-planning-control-organizational-structure-work-process-business-administration-work-organization-flow-of-information-information-logistics-thumbnail-322636257.jpg\" data-object-fit=\"cover\" srcset=\"https:\/\/leaders-copilot.com\/wp-content\/uploads\/2025\/11\/organization-chart-production-planning-control-organizational-structure-work-process-business-administration-work-organization-flow-of-information-information-logistics-thumbnail-322636257.jpg 338w, https:\/\/leaders-copilot.com\/wp-content\/uploads\/2025\/11\/organization-chart-production-planning-control-organizational-structure-work-process-business-administration-work-organization-flow-of-information-information-logistics-thumbnail-322636257-300x157.jpg 300w\" sizes=\"auto, (max-width: 338px) 100vw, 338px\" \/><span aria-hidden=\"true\" class=\"wp-block-cover__background has-primary-background-color has-background-dim-80 has-background-dim\"><\/span><div class=\"wp-block-cover__inner-container has-global-padding is-layout-constrained wp-block-cover-is-layout-constrained\">\n<p class=\"has-text-align-center has-lightgrey-color has-text-color has-link-color has-medium-font-size wp-elements-2bb3b41c0cdcb4295f45a7d0fdf9cc9f\" style=\"font-style:normal;font-weight:300\">Engenharia organizacional<\/p>\n\n\n\n<p class=\"has-lightgrey-color has-text-color has-link-color wp-elements-e847b473331dd38798c328f5e65bb577\" style=\"font-style:normal;font-weight:100\">Ajudamo-lo a desenhar processos e solu\u00e7\u00f5es t\u00e9cnicas para resolver os seus problemas de efici\u00eancia e garantir a sustentabilidade das suas opera\u00e7\u00f5es.<\/p>\n<\/div><\/div>\n<\/div>\n\n\n\n<div class=\"wp-block-column is-layout-flow wp-block-column-is-layout-flow\">\n<div class=\"wp-block-cover has-custom-content-position is-position-top-center has-border-color wp-duotone-unset-1\" style=\"border-color:#D9D9D9;border-width:1px;border-radius:0px;min-height:310px;aspect-ratio:unset;\"><img loading=\"lazy\" decoding=\"async\" width=\"685\" height=\"552\" class=\"wp-block-cover__image-background wp-image-1068 size-full\" alt=\"\" src=\"https:\/\/leaders-copilot.com\/wp-content\/uploads\/2025\/11\/Capture-decran-2025-11-13-024503.png\" style=\"object-position:100% 50%\" data-object-fit=\"cover\" data-object-position=\"100% 50%\" srcset=\"https:\/\/leaders-copilot.com\/wp-content\/uploads\/2025\/11\/Capture-decran-2025-11-13-024503.png 685w, https:\/\/leaders-copilot.com\/wp-content\/uploads\/2025\/11\/Capture-decran-2025-11-13-024503-300x242.png 300w\" sizes=\"auto, (max-width: 685px) 100vw, 685px\" \/><span aria-hidden=\"true\" class=\"wp-block-cover__background has-primary-background-color has-background-dim-80 has-background-dim\"><\/span><div class=\"wp-block-cover__inner-container has-global-padding is-layout-constrained wp-block-cover-is-layout-constrained\">\n<p class=\"has-text-align-center has-lightgrey-color has-text-color has-link-color has-medium-font-size wp-elements-bf1fa2308b69357b51e7e5d07eee888f\" style=\"font-style:normal;font-weight:300\">Melhoria cont\u00ednua<\/p>\n\n\n\n<p class=\"has-lightgrey-color has-text-color has-link-color wp-elements-a8b2ced51faf74f55a50abbb9820e463\" style=\"font-style:normal;font-weight:100\">Apoiamo-lo na implementa\u00e7\u00e3o de quadros de melhoria cont\u00ednua, envolvendo a sua equipa, para o ajudar a construir uma organiza\u00e7\u00e3o resiliente e \u00e1gil.<\/p>\n<\/div><\/div>\n<\/div>\n<\/div>\n<\/div><\/div>\n<\/div>\n<\/div>\n\n\n\n<div class=\"wp-block-columns is-layout-flex wp-container-core-columns-is-layout-28f84493 wp-block-columns-is-layout-flex\">\n<div class=\"wp-block-column is-layout-flow wp-block-column-is-layout-flow\" style=\"flex-basis:33.33%\">\n<div class=\"wp-block-cover has-custom-content-position is-position-top-left\" style=\"padding-top:var(--wp--preset--spacing--small);padding-right:var(--wp--preset--spacing--x-small);padding-bottom:var(--wp--preset--spacing--small);padding-left:var(--wp--preset--spacing--x-small);min-height:450px;aspect-ratio:unset;\"><img loading=\"lazy\" decoding=\"async\" width=\"640\" height=\"480\" class=\"wp-block-cover__image-background wp-image-321 size-full\" alt=\"\" src=\"http:\/\/leaders-copilot.com\/wp-content\/uploads\/2025\/01\/Telephone_ExchangeGN06727.jpg\" data-object-fit=\"cover\" srcset=\"https:\/\/leaders-copilot.com\/wp-content\/uploads\/2025\/01\/Telephone_ExchangeGN06727.jpg 640w, https:\/\/leaders-copilot.com\/wp-content\/uploads\/2025\/01\/Telephone_ExchangeGN06727-300x225.jpg 300w\" sizes=\"auto, (max-width: 640px) 100vw, 640px\" \/><span aria-hidden=\"true\" class=\"wp-block-cover__background has-primary-background-color has-background-dim-70 has-background-dim\"><\/span><div class=\"wp-block-cover__inner-container is-layout-flow wp-block-cover-is-layout-flow\">\n<h3 class=\"wp-block-heading has-secondary-color has-text-color has-medium-font-size\" style=\"margin-top:0;margin-right:0;margin-bottom:0;margin-left:0\">Hist\u00f3rias de trabalho<\/h3>\n\n\n\n<p><\/p>\n<\/div><\/div>\n<\/div>\n\n\n\n<div class=\"wp-block-column is-layout-flow wp-block-column-is-layout-flow\" style=\"flex-basis:66.66%\">\n<div class=\"wp-block-cover is-light has-custom-content-position is-position-top-left wp-duotone-unset-2\" style=\"padding-top:var(--wp--preset--spacing--small);padding-right:var(--wp--preset--spacing--x-small);padding-bottom:var(--wp--preset--spacing--small);padding-left:var(--wp--preset--spacing--x-small)\"><span aria-hidden=\"true\" class=\"wp-block-cover__background has-background-dim-0 has-background-dim\"><\/span><div class=\"wp-block-cover__inner-container is-layout-flow wp-block-cover-is-layout-flow\">\n<p class=\"has-background-color has-text-color has-link-color wp-elements-c8f34bf58ec86aec4868f4e0cc1a44f0\">A pandemia de Covid-19 e os confinamentos transformaram profundamente o nosso trabalho, especialmente com a introdu\u00e7\u00e3o massiva do trabalho remoto. A produtividade foi um dos maiores problemas levantados. Muitas empresas sentiram uma grande contradi\u00e7\u00e3o: enquanto os colaboradores afirmam que a sua produtividade melhora ao trabalhar de casa, os empregadores veem coletivamente o contr\u00e1rio. Este \u00e9 o dilema que o meu empregador na altura, um produtor de software, tamb\u00e9m enfrentou.<\/p>\n\n\n\n<p class=\"has-background-color has-text-color has-link-color wp-elements-b3f3446e0eee30eead47e51b8a0c7101\">No entanto, uma an\u00e1lise dos processos de trabalho explicou o fen\u00f3meno de forma bastante simples. O trabalho remoto eliminou, de facto, muitas regula\u00e7\u00f5es \u00ab\u00a0quentes\u00a0\u00bb e substituiu-as por regula\u00e7\u00f5es planeadas \u00ab\u00a0frias\u00a0\u00bb. Por exemplo, para obter uma valida\u00e7\u00e3o por parte de um gestor t\u00e9cnico, a pr\u00e1tica habitual era pedir oralmente ao supervisor localizado a 2 metros de dist\u00e2ncia. No trabalho remoto, tornou-se muito mais demorado: escrever uma mensagem ou organizar uma reuni\u00e3o, o que implica, entre outras coisas, tempo de espera, tempo de escrita, gest\u00e3o de prioridades, gest\u00e3o da agenda, etc. Os validadores s\u00e3o gargalos. O trabalho remoto piorou isto, explicando a diferen\u00e7a de produtividade.<\/p>\n\n\n\n<p class=\"has-background-color has-text-color has-link-color wp-elements-a3885bd7466405fd87ad9558c147af10\">O meu trabalho \u00e9 conhecer e analisar processos de trabalho para os transformar e os tornar mais eficientes e resilientes.<\/p>\n<\/div><\/div>\n<\/div>\n<\/div>\n\n\n\n<div class=\"wp-block-columns is-layout-flex wp-container-core-columns-is-layout-28f84493 wp-block-columns-is-layout-flex\">\n<div class=\"wp-block-column is-layout-flow wp-block-column-is-layout-flow\" style=\"padding-top:0;padding-right:0;padding-bottom:0;padding-left:0\">\n<div class=\"wp-block-cover has-custom-content-position is-position-bottom-left\" style=\"padding-top:var(--wp--preset--spacing--small);padding-right:var(--wp--preset--spacing--x-small);padding-bottom:var(--wp--preset--spacing--small);padding-left:var(--wp--preset--spacing--x-small)\"><img loading=\"lazy\" decoding=\"async\" width=\"640\" height=\"480\" class=\"wp-block-cover__image-background wp-image-322\" alt=\"\" src=\"https:\/\/leaders-copilot.com\/wp-content\/uploads\/2025\/01\/Hang_up_the_phone._Unsplash.jpg\" data-object-fit=\"cover\" srcset=\"https:\/\/leaders-copilot.com\/wp-content\/uploads\/2025\/01\/Hang_up_the_phone._Unsplash.jpg 640w, https:\/\/leaders-copilot.com\/wp-content\/uploads\/2025\/01\/Hang_up_the_phone._Unsplash-300x225.jpg 300w\" sizes=\"auto, (max-width: 640px) 100vw, 640px\" \/><span aria-hidden=\"true\" class=\"wp-block-cover__background has-primary-background-color has-background-dim-70 has-background-dim\"><\/span><div class=\"wp-block-cover__inner-container is-layout-flow wp-block-cover-is-layout-flow\">\n<p class=\"has-text-align-left has-large-font-size\">Contactos<\/p>\n\n\n\n<div class=\"wp-block-group is-nowrap is-layout-flex wp-container-core-group-is-layout-6c531013 wp-block-group-is-layout-flex\">\n<figure class=\"wp-block-image size-full is-resized\" style=\"margin-top:0;margin-bottom:0\"><img loading=\"lazy\" decoding=\"async\" width=\"512\" height=\"512\" src=\"http:\/\/leaders-copilot.com\/wp-content\/uploads\/2025\/01\/phone-call-white-icon.png\" alt=\"\" class=\"wp-image-329\" style=\"width:34px\" srcset=\"https:\/\/leaders-copilot.com\/wp-content\/uploads\/2025\/01\/phone-call-white-icon.png 512w, https:\/\/leaders-copilot.com\/wp-content\/uploads\/2025\/01\/phone-call-white-icon-300x300.png 300w, https:\/\/leaders-copilot.com\/wp-content\/uploads\/2025\/01\/phone-call-white-icon-150x150.png 150w\" sizes=\"auto, (max-width: 512px) 100vw, 512px\" \/><\/figure>\n\n\n\n<p>+351 937 435 225<\/p>\n<\/div>\n\n\n\n<div class=\"wp-block-group is-nowrap is-layout-flex wp-container-core-group-is-layout-6c531013 wp-block-group-is-layout-flex\">\n<figure class=\"wp-block-image size-full is-resized is-style-default\" style=\"margin-top:0;margin-bottom:0\"><img loading=\"lazy\" decoding=\"async\" width=\"512\" height=\"512\" src=\"http:\/\/leaders-copilot.com\/wp-content\/uploads\/2025\/01\/email-envelope-line-white-icon.webp\" alt=\"\" class=\"wp-image-330\" style=\"width:34px\" srcset=\"https:\/\/leaders-copilot.com\/wp-content\/uploads\/2025\/01\/email-envelope-line-white-icon.webp 512w, https:\/\/leaders-copilot.com\/wp-content\/uploads\/2025\/01\/email-envelope-line-white-icon-300x300.webp 300w, https:\/\/leaders-copilot.com\/wp-content\/uploads\/2025\/01\/email-envelope-line-white-icon-150x150.webp 150w\" sizes=\"auto, (max-width: 512px) 100vw, 512px\" \/><\/figure>\n\n\n\n<p><a href=\"mailto:c.taledo@leaders-copilot.com\">c.taledo@leaders-copilot.com<\/a><\/p>\n<\/div>\n<\/div><\/div>\n<\/div>\n\n\n\n<div class=\"wp-block-column is-layout-flow wp-block-column-is-layout-flow\" style=\"flex-basis:33.33%\"><\/div>\n<\/div>\n\n\n\n<p><\/p>\n","protected":false},"excerpt":{"rendered":"","protected":false},"author":1,"featured_media":0,"parent":0,"menu_order":0,"comment_status":"closed","ping_status":"closed","template":"page-templates\/full-width-no-title.php","meta":{"footnotes":""},"class_list":["post-1191","page","type-page","status-publish","hentry"],"featured_media_urls":[],"_links":{"self":[{"href":"https:\/\/leaders-copilot.com\/index.php\/wp-json\/wp\/v2\/pages\/1191","targetHints":{"allow":["GET"]}}],"collection":[{"href":"https:\/\/leaders-copilot.com\/index.php\/wp-json\/wp\/v2\/pages"}],"about":[{"href":"https:\/\/leaders-copilot.com\/index.php\/wp-json\/wp\/v2\/types\/page"}],"author":[{"embeddable":true,"href":"https:\/\/leaders-copilot.com\/index.php\/wp-json\/wp\/v2\/users\/1"}],"replies":[{"embeddable":true,"href":"https:\/\/leaders-copilot.com\/index.php\/wp-json\/wp\/v2\/comments?post=1191"}],"version-history":[{"count":10,"href":"https:\/\/leaders-copilot.com\/index.php\/wp-json\/wp\/v2\/pages\/1191\/revisions"}],"predecessor-version":[{"id":1254,"href":"https:\/\/leaders-copilot.com\/index.php\/wp-json\/wp\/v2\/pages\/1191\/revisions\/1254"}],"wp:attachment":[{"href":"https:\/\/leaders-copilot.com\/index.php\/wp-json\/wp\/v2\/media?parent=1191"}],"curies":[{"name":"wp","href":"https:\/\/api.w.org\/{rel}","templated":true}]}}